ivide 388482?
True
Does 217 divide 6251336?
True
Does 8 divide 58815?
False
Is 104 a factor of 781889?
False
Is 79856 a multiple of 184?
True
Does 48 divide 7483?
False
Is 52 a factor of 61464?
True
Is 127424 a multiple of 32?
True
Is 132 a factor of 337656?
True
Is 1033319 a multiple of 45?
False
Is 36 a factor of 211068?
True
Does 136 divide 116688?
True
Is 70 a factor of 444990?
True
Is 41312 a multiple of 3?
False
Does 180 divide 3595500?
True
Is 6387 a multiple of 21?
False
Does 96 divide 1392684?
False
Is 484356 a multiple of 669?
True
Is 28 a factor of 2490488?
True
Does 6 divide 979320?
True
Is 12 a factor of 54326?
False
Is 33 a factor of 45276?
True
Is 1045828 a multiple of 151?
False
Does 173 divide 809640?
True
Does 32 divide 446144?
True
Is 26 a factor of 395772?
True
Does 105 divide 930405?
True
Does 82 divide 2087220?
False
Does 24 divide 2897808?
True
Is 42 a factor of 74760?
True
Does 5 divide 32010?
True
Does 62 divide 7082824?
False
Is 1122268 a multiple of 538?
True
Is 101024 a multiple of 7?
True
Is 8082882 a multiple of 531?
True
Is 75 a factor of 1787133?
False
Is 1106160 a multiple of 27?
False
Is 2178085 a multiple of 35?
True
Does 337 divide 4301169?
False
Is 1283321 a multiple of 13?
True
Is 15 a factor of 1313862?
False
Is 784523 a multiple of 13?
False
Is 20 a factor of 500?
True
Does 200 divide 187000?
True
Is 351 a factor of 6352204?
False
Does 14 divide 140249?
False
Is 104469 a multiple of 97?
True
Does 160 divide 13475139?
False
Does 267 divide 8681360?
False
Is 2021669 a multiple of 355?
False
Is 3 a factor of 2057544?
True
Is 1797606 a multiple of 17?
False
Is 12 a factor of 11964?
True
Does 31 divide 189957?
False
Does 20 divide 74020?
True
Does 140 divide 295120?
True
Is 12 a factor of 134820?
True
Is 653186 a multiple of 44?
False
Does 37 divide 3599804?
True
Does 8 divide 69648?
True
Is 110 a factor of 5901?
False
Does 117 divide 7094896?
False
Does 11 divide 14977?
False
Is 6596049 a multiple of 1203?
True
Is 7 a factor of 2273035?
False
Is 144 a factor of 4551696?
True
Is 481617 a multiple of 387?
False
Is 96785 a multiple of 25?
False
Is 16 a factor of 4214256?
True
Does 39 divide 81822?
True
Is 1805036 a multiple of 22?
False
Is 69379 a multiple of 10?
False
Does 18 divide 1960758?
True
Does 5 divide 10055?
True
Is 3 a factor of 1534320?
True
Is 10 a factor of 22701117?
False
Is 26 a factor of 225909?
False
Does 56 divide 25306736?
True
Is 1483684 a multiple of 42?
False
Is 4314018 a multiple of 18?
False
Does 439 divide 490802?
True
Is 189 a factor of 286146?
True
Does 28 divide 1794296?
True
Is 3848 a multiple of 4?
True
Is 58 a factor of 860488?
True
Is 100870 a multiple of 55?
True
Is 445455 a multiple of 3?
True
Is 13 a factor of 1205048?
True
Is 80 a factor of 199419?
False
Is 270150 even?
True
Is 399229 a multiple of 173?
False
Is 2667761 a multiple of 297?
False
Does 284 divide 180586?
False
Is 2 a factor of 14342?
True
Is 99 a factor of 4433616?
True
Is 276 a factor of 2544996?
True
Does 673 divide 143349?
True
Is 114 a factor of 1145814?
True
Is 19 a factor of 75050?
True
Is 43647 a multiple of 33?
False
Is 4 a factor of 139000?
True
Is 209410 a multiple of 5?
True
Is 672054 a multiple of 19?
False
Is 42 a factor of 135828?
True
Is 93 a factor of 13697505?
True
Is 5881680 a multiple of 1556?
True
Does 63 divide 56942?
False
Does 111 divide 189023?
False
Is 6 a factor of 1699242?
True
Does 5 divide 2775?
True
Is 2072747 a multiple of 6?
False
Does 13 divide 874419?
True
Is 165 a factor of 1773915?
True
Does 108 divide 140903?
False
Is 23984645 a multiple of 164?
False
Does 139 divide 411162?
True
Is 145 a factor of 261725?
True
Is 12 a factor of 82836?
True
Is 2230795 a multiple of 14?
False
Is 329725 a multiple of 275?
True
Is 1532400 a multiple of 100?
True
Is 495489 a multiple of 501?
True
Is 157604 a multiple of 59?
False
Does 236 divide 21253?
False
Is 43 a factor of 4449064?
False
Is 1744 a multiple of 7?
False
Does 15 divide 9876363?
False
Is 89 a factor of 7120445?
True
Does 20 divide 198380?
True
Does 17 divide 880787?
True
Does 267 divide 187701?
True
Is 31 a factor of 2374073?
True
Is 6 a factor of 47846?
False
Is 16410 a multiple of 1641?
True
Does 103 divide 636128?
True
Is 27 a factor of 152739?
True
Does 5 divide 12995?
True
Is 34 a factor of 360286?
False
Is 358 a factor of 408836?
True
Is 904 a factor of 255832?
True
Is 335080 a multiple of 20?
True
Does 622 divide 1599353?
False
Is 697 a factor of 980679?
True
Does 365 divide 229839?
False
Does 387 divide 4517451?
True
Is 44870028 a multiple of 12?
True
Is 972185 a multiple of 105?
False
Does 32 divide 60866?
False
Is 84559 a multiple of 113?
False
Is 436 a factor of 4675228?
True
Is 40754 a multiple of 142?
True
Does 18 divide 1539322?
False
Is 384579 a multiple of 10?
False
Is 103493 a multiple of 71?
False
Does 3 divide 5374566?
True
Does 66 divide 65538?
True
Is 1509533 a multiple of 242?
False
Is 26 a factor of 10264?
False
Is 1423 a factor of 2050414?
False
Is 63580 a multiple of 220?
True
Does 354 divide 1773254?
False
Is 13 a factor of 1178593?
True
Does 102 divide 389152?
False
Is 5 a factor of 5330?
True
Does 19 divide 2440303?
True
Is 10069990 a multiple of 60?
False
Does 17 divide 4937009?
False
Does 8 divide 21681?
False
Is 43 a factor of 8772?
True
Does 205 divide 54735?
True
Does 208 divide 70741?
False
Is 10 a factor of 2100260?
True
Is 14 a factor of 273434?
True
Is 437 a factor of 1601586?
False
Is 76 a factor of 3579600?
True
Does 8 divide 15281960?
True
Is 239 a factor of 1273153?
True
Is 11914 a multiple of 46?
True
Does 4 divide 1129242?
False
Does 11 divide 90960?
False
Is 5077459 a multiple of 31?
True
Is 699 a factor of 1213464?
True
Is 222390 a multiple of 45?
True
Is 29 a factor of 15874?
False
Is 3464487 a multiple of 13?
True
Does 236 divide 323538?
False
Is 20 a factor of 905485?
False
Does 97 divide 2648901?
False
Is 13 a factor of 171366?
True
Does 21 divide 66205?
False
Does 407 divide 2005857?
False
Is 3628517 a multiple of 96?
False
Is 2152044 a multiple of 18?
True
Does 2 divide 184024?
True
Is 322 a factor of 10304?
True
Is 187 a factor of 173349?
True
Does 395 divide 858335?
True
Does 23 divide 196006?
True
Is 164539 a multiple of 104?
False
Is 108 a factor of 251856?
True
Does 661 divide 1209570?
False
Does 94 divide 6651064?
True
Is 238242 a multiple of 432?
False
Is 227257 a multiple of 13?
False
Does 637 divide 148857?
False
Is 5 a factor of 46483?
False
Is 25 a factor of 2221862?
False
Is 21 a factor of 18690?
True
Is 1773215 a multiple of 1318?
False
Is 2926703 a multiple of 46?
False
Is 268294 a multiple of 40?
False
Is 825349 a multiple of 166?
False
Is 318000 a multiple of 125?
True
Does 305 divide 929189?
False
Is 3112173 a multiple of 153?
True
Does 12 divide 18177600?
True
Does 293 divide 661594?
True
Is 245 a factor of 1257830?
True
Is 502595 a multiple of 31?
False
Does 11 divide 89903?
True
Is 368 a factor of 1594069?
False
Is 2 a factor of 51847?
False
Does 17 divide 14352854?
False
Is 6085732 a multiple of 12?
False
Is 3958078 a multiple of 652?
False
Is 66 a factor of 114168?
False
Is 610080 a multiple of 164?
True
Does 219 divide 3828292?
False
Is 33154 a multiple of 11?
True
Is 1617 a factor of 15246693?
True
Does 509 divide 2238582?
True
Is 147 a factor of 4831647?
False
Is 1139 a factor of 57090?
False
Is 18 a factor of 203040?
True
Does 466 divide 862522?
False
Does 25 divide 131959?
False
Does 1527 divide 14384706?
False
Is 27 a factor of 140751?
True
Is 34 a factor of 2191470?
True
Does 8 divide 300028?
False
Is 218 a factor of 272830?
False
Does 172 divide 2441884?
True
Is 151 a factor of 47414?
True
Is 25 a factor of 289675?
True
Is 925 a factor of 344100?
True
Is 109 a factor of 787525?
True
Is 122700 a multiple of 6?
True
Is 957979 a multiple of 265?
False
Does 85 divide 8755?
True
Does 12 divide 36650?
False
Is 1248 a factor of 1733994?
False
Does 83 divide 2003644?
False
Is 863 a factor of 1321253?
True
Does 5 divide 441067?
False
Does 6 divide 5785954?
False
Is 70368 a multiple of 48?
True
Is 3695029 a multiple of 160?
False
Is 1082950 a multiple of 10?
True
Does 70 divide 1818029?
False
Does 142 divide 30151996?
True
Is 26158 a multiple of 66?
False